= 17*x + 699. Determine t(-36).
87
Let d(c) = 2380*c - 4750. Calculate d(2).
10
Let r(p) = p**2 - 36*p - 54. Calculate r(17).
-377
Let t(o) = -517*o + 21197. Determine t(41).
0
Let p(x) = -x**3 - 72*x**2 - 511*x + 82. Determine p(-64).
18
Let k(q) = -5*q**3 - q**2 - q - 2. Calculate k(2).
-48
Let y(g) = g**2 + 822*g - 5803. What is y(7)?
0
Let c(b) = -b**3 + 9*b**2 - 7*b + 297. Calculate c(11).
-22
Let c(g) = -2*g**3 + 42*g**2 - 3*g + 25. Calculate c(21).
-38
Let w(u) = 36*u**2 + 173*u - 528. Calculate w(3).
315
Let v(a) = -14*a - 424. Determine v(-32).
24
Let q(n) = 10*n - 275. Give q(15).
-125
Let d(c) = 129*c**2 - 7*c + 7. Calculate d(1).
129
Let u(s) = 9*s**2 - 68*s - 116. What is u(9)?
1
Let l(j) = 2*j**3 - 2*j**2 - 56*j - 28. Calculate l(6).
-4
Let r(j) = -j**3 + 17*j**2 - j - 27. Calculate r(0).
-27
Let w(a) = -a**3 - 16*a**2 - 67*a - 247. Give w(-12).
-19
Let y(v) = 16*v + 74. Give y(17).
346
Let f(s) = -s**3 - 15*s**2 - s + 89. Give f(-9).
-388
Let h(r) = -639*r - 9597. What is h(-15)?
-12
Let p(k) = -k**2 + 18*k + 36. What is p(-2)?
-4
Let f(c) = c**2 - 5543*c + 159908. What is f(29)?
2
Let u(t) = -2*t**3 + 300*t**2 - 3310*t - 269. Give u(138).
7
Let k(w) = -17*w + 578. Give k(24).
170
Let n(h) = 106*h**2 - 2*h - 2. What is n(0)?
-2
Let z(n) = n**3 - 332*n**2 + 325*n + 1986. Give z(331).
0
Let y(w) = w**2 + 5*w + 77. What is y(0)?
77
Let u(p) = -p**2 - 44*p + 51. Determine u(0).
51
Let s(k) = k**2 + 19*k - 128. What is s(-24)?
-8
Let l(q) = q**2 - 23*q - 44. Determine l(23).
-44
Let n(o) = 79*o + 42. What is n(-4)?
-274
Let s(p) = 6*p - 28. Determine s(-17).
-130
Let v(o) = 5235*o + 73285. Determine v(-14).
-5
Let v(c) = -424*c**2 + 12*c + 10. Calculate v(-1).
-426
Let p(v) = -29*v + 742. Give p(27).
-41
Let l(j) = -11*j - 3437. What is l(-312)?
-5
Let c(y) = -96*y - 2974. Calculate c(-31).
2
Let b(d) = -2*d**3 + 3*d**2 - 3*d + 3. Calculate b(2).
-7
Let h(x) = -13*x + 173. Calculate h(18).
-61
Let m(z) = z**3 + 83*z**2 + 242*z + 133. Calculate m(-80).
-27
Let a(g) = -14*g**3 + 22*g**2 + 7*g + 1. Determine a(2).
-9
Let l(z) = z**3 - 5*z**2 + 124*z - 509. Determine l(4).
-29
Let i(q) = -134*q - 1208. Determine i(-9).
-2
Let h(p) = -70*p**3 - p**2 - p - 2. Determine h(-1).
68
Let f(g) = 2*g**3 - 28*g - 81. What is f(-3)?
-51
Let h(o) = -o**2 - 39*o - 382. Determine h(-18).
-4
Let h(b) = -58*b**2 + 159*b - 159. What is h(1)?
-58
Let s(a) = -a**2 + 317*a - 2211. What is s(7)?
-41
Let u(j) = j**3 - 10*j**2 - 115*j + 6. Calculate u(16).
-298
Let s(i) = 2*i**2 + 15*i - 90. What is s(4)?
2
Let b(a) = 255*a - 508. Determine b(2).
2
Let s(i) = -i**3 + 48*i**2 + 51*i - 115. Give s(49).
-17
Let c(u) = -1294*u - 12921. What is c(-10)?
19
Let o(s) = s**3 - 25*s**2 - 11*s + 79. Determine o(25).
-196
Let v(j) = 7*j**3 + 36*j**2 + 12*j - 33. Give v(-5).
-68
Let w(q) = -18*q**2 + 26. Calculate w(-5).
-424
Let g(j) = j**2 + 6*j - 85. What is g(-12)?
-13
Let k(u) = u - 12. What is k(-15)?
-27
Let q(h) = -h**3 - 21*h**2 - 42*h - 26. Determine q(-19).
50
Let t(g) = -g**3 - 47*g**2 - 315*g - 3. Calculate t(-8).
21
Let c(y) = -3*y**2 - 274*y + 487. What is c(-93)?
22
Let x(a) = -a**3 - 16*a**2 - 41*a + 15. Give x(-16).
671
Let a(y) = -85*y + 2440. What is a(29)?
-25
Let i(q) = -27*q**2 + 240*q + 29. Give i(9).
2
Let c(g) = -160*g - 269. Give c(-3).
211
Let b(l) = l**3 - 15*l**2 + 55*l - 1. Determine b(9).
8
Let p(m) = m**3 - 44*m**2 - 188*m - 180. Give p(48).
12
Let r(l) = 265*l + 14046. Calculate r(-53).
1
Let w(f) = -2*f**2 - 6*f + 130. What is w(7)?
-10
Let f(a) = -a**2 - 59*a - 813. Determine f(-16).
-125
Let o(z) = z**3 - 31*z**2 + 169*z + 17. Calculate o(24).
41
Let m(v) = v**3 - 31*v**2 - 407*v - 101. Calculate m(41).
22
Let x(k) = 3*k**2 - 19*k + 37. Calculate x(3).
7
Let s(h) = 3*h**2 + 11*h - 17. Determine s(-11).
225
Let k(w) = 5*w**3 - w**2 - 8*w + 3. Calculate k(2).
23
Let f(i) = i**3 - 124*i**2 + 2394*i + 30. Determine f(24).
-114
Let j(d) = -d**2 - 82*d - 762. What is j(-71)?
19
Let i(g) = -304*g - 3658. Calculate i(-12).
-10
Let c(i) = -3*i**2 - 5*i + 6. Determine c(3).
-36
Let q(i) = -95*i + 12. What is q(0)?
12
Let a(z) = 9*z + 140. What is a(-22)?
-58
Let g(i) = i**2 - 36*i + 29. Determine g(24).
-259
Let u(o) = -3*o + 77. What is u(-15)?
122
Let w(h) = 5*h**3 - 7*h**2 - 59*h + 121. What is w(2)?
15
Let k(f) = -f**3 - 13*f**2 + 17*f - 8. Determine k(-14).
-50
Let p(f) = 62*f + 498. Calculate p(-7).
64
Let d(p) = -p**3 - 12*p**2 - 42*p + 4. Give d(-10).
224
Let z(g) = -15*g + 391. Give z(22).
61
Let k(f) = -4*f**2 + 53*f + 670. What is k(-8)?
-10
Let h(d) = -1650*d - 1662. Determine h(-1).
-12
Let w(m) = -m**3 - 39*m**2 - 259*m - 179. Determine w(-31).
162
Let i(x) = -2*x**2 - 489*x + 5056. Determine i(10).
-34
Let g(n) = -n**3 + 15*n**2 - 46*n - 26. Determine g(8).
54
Let q(u) = -173*u - 107. Give q(-2).
239
Let h(x) = -25*x**3 - 2*x**2 - 1. What is h(2)?
-209
Let i(s) = 2*s**2 - 76*s + 268. Give i(34).
-4
Let f(h) = 4*h**2 + 62*h - 12. What is f(-16)?
20
Let v(o) = o**3 - 36*o**2 - 1355*o - 121. Give v(59).
-3
Let o(l) = 3*l**2 + 63*l + 127. What is o(-21)?
127
Let w(p) = 2*p**3 + 110*p**2 + 675*p + 144. Determine w(-48).
0
Let h(g) = -g**3 + 94*g**2 - 89*g - 391. Give h(93).
-19
Let j(z) = -173*z - 390. Calculate j(6).
-1428
Let u(h) = h**2 - 35*h + 244. Determine u(25).
-6
Let h(a) = 2*a**2 - 21*a + 42. What is h(7)?
-7
Let r(w) = -10*w**2 + 312*w + 105. Calculate r(32).
-151
Let g(i) = 14*i**2 - 19*i + 70. Give g(6).
460
Let t(a) = 37*a**3 - 19*a**2 - 42*a - 1. What is t(-2)?
-289
Let b(d) = -51*d**2 - 244*d - 4. Calculate b(-5).
-59
Let k(q) = -45*q + 2066. Give k(42).
176
Let c(f) = 6*f - 5. What is c(19)?
109
Let j(i) = -i**3 - 20*i**2 - 94*i - 28. Determine j(-7).
-7
Let j(i) = 57*i**2 + 133*i + 9. What is j(-2)?
-29
Let w(i) = 60*i + 477. Calculate w(-8).
-3
Let d(z) = 41*z**3 - 91*z**2 + 3*z + 7. Calculate d(2).
-23
Let h(z) = z**3 + z**2 + z + 1. Calculate h(6).
259
Let y(i) = -2*i**2 + 66*i + 430. Calculate y(-7).
-130
Let m(s) = -26*s - 127. Calculate m(-2).
-75
Let g(q) = 3*q**2 - 121*q + 874. Calculate g(10).
-36
Let u(m) = m**3 + 30*m**2 - 27*m + 108. Calculate u(-31).
-16
Let s(f) = 3590*f - 21472. Calculate s(6).
68
Let y(q) = 254*q + 5581. Determine y(-22).
-7
Let n(h) = h**3 - 35*h**2 - 125*h + 339. Determine n(38).
-79
Let q(u) = 5*u**2 - 103*u + 51. Give q(20).
-9
Let i(x) = -x**3 + 9*x**2 - 4*x - 10. Give i(4).
54
Let m(w) = 289*w - 1170. Calculate m(4).
-14
Let k(v) = 1174*v + 9417. What is k(-8)?
25
Let t(i) = -i**3 - 18*i**2 - 2*i - 29. Give t(-18).
7
Let u(i) = -906*i - 2741. Give u(-3).
-23
Let r(x) = 2*x**2 + 20*x - 9. Give r(-9).
-27
Let p(g) = 3*g**2 - 16*g + 23. What is p(2)?
3
Let r(h) = -705*h + 2854. Determine r(4).
34
Let v(b) = -45*b**2 + 452*b - 20. Calculate v(10).
0
Let z(p) = 68*p + 57. Give z(2).
193
Let m(g) = -271*g - 12198. What is m(-45)?
-3
Let m(v) = -3*v**3 - 244*v**2 + 163*v - 63. Give m(-82).
19
Let u(v) = v**2 - 221*v + 1428. Give u(6).
138
Let y(u) = 851*u - 7648. Determine y(9).
11
Let h(u) = -40*u + 121. Determine h(3).
1
Let z(m) = -m**3 + 6*m**2 + 8*m - 32. Calculate z(6).
16
Let r(t) = 183*t - 7160. What is r(39)?
-23
Let r(d) = 33*d**2 + 292*d - 9. Calculate r(-9).
36
Let b(z) = -3*z**3 - 367*z**2 + 194*z - 6390. What is b(-123)?
6
Let u(b) = -b**3 - 7*b**2 + 13. Give u(0).
13
Let g(b) = -b**3 - 156*b**2 + 153*b - 665. Give g(-157).
-37
Let t(j) = -206*j - 5158. Calculate t(-25).
-8
Let f(m) = 3*m**2 + 11*m + 44. Calculate f(-6).
86
Let g(d) = 19*d**2 - 564*d + 377. Give g(29).
0
Let a(v) = -2*v**2 + 55*v + 281. What is a(-6)?
-121
Let t(j) = 50*j**2 - 1. Determine t(-1).
49
Let q(v) = 19*v - 571. Calculate q(35).
94
Let x(y) = y**2 - 21*y - 105. Give x(30).
165
Let p(s) = s**3 + 54*s**2 - 56*s + 86. Give p(-55).
141
Let k(n) = -9*n**2 - 2*n - 20. Determine k(-4).
-156
Let w(n) = -n**2 + 47*n + 1971. Give w(74).
-27
Let f(v) = -5*v + 347. Determine f(53).
82
Let v(p) = -2*p**3 - 52*p**2 - 329*p - 66. What is v(-10)?
24
Let q(a) = -a**2 - 48*a - 105. Calculate q(-21).
462
Let d(z) = -10*z**3 - 86*z**2 + 48*z + 82. What is d(-9)?
-26
Let s(c) = -c**3 - 12*c**2 + 115*c + 1354. Calculate s(-13).
28
Let j(l) = -l**3 + 34*l**2 - 256*l + 1248. Calculate j(26).
0
Let l(z) = z**2 + 237